{"id":26,"date":"2022-11-08T19:58:00","date_gmt":"2022-11-08T18:58:00","guid":{"rendered":"https:\/\/centrumslniecko.sk\/bezpecny-zensky-dom\/?page_id=26"},"modified":"2023-12-05T07:08:24","modified_gmt":"2023-12-05T06:08:24","slug":"photogallery","status":"publish","type":"page","link":"https:\/\/centrumslniecko.sk\/bezpecny-zensky-dom\/en\/photogallery\/","title":{"rendered":"Photogallery"},"content":{"rendered":"\nngg_shortcode_0_placeholder\n","protected":false},"excerpt":{"rendered":"<div class=\"link-more\"><a href=\"https:\/\/centrumslniecko.sk\/bezpecny-zensky-dom\/en\/photogallery\/\" class=\"more-link\">Pre\u010d\u00edta\u0165<span class=\"screen-reader-text\"> &ldquo;Photogallery&rdquo;<\/span>&hellip;<\/a><\/div>\n","protected":false},"author":2,"featured_media":0,"parent":0,"menu_order":0,"comment_status":"closed","ping_status":"closed","template":"templates\/child-pages.php","meta":{"ngg_post_thumbnail":0,"footnotes":""},"class_list":["post-26","page","type-page","status-publish","hentry","entry"],"_links":{"self":[{"href":"https:\/\/centrumslniecko.sk\/bezpecny-zensky-dom\/wp-json\/wp\/v2\/pages\/26","targetHints":{"allow":["GET"]}}],"collection":[{"href":"https:\/\/centrumslniecko.sk\/bezpecny-zensky-dom\/wp-json\/wp\/v2\/pages"}],"about":[{"href":"https:\/\/centrumslniecko.sk\/bezpecny-zensky-dom\/wp-json\/wp\/v2\/types\/page"}],"author":[{"embeddable":true,"href":"https:\/\/centrumslniecko.sk\/bezpecny-zensky-dom\/wp-json\/wp\/v2\/users\/2"}],"replies":[{"embeddable":true,"href":"https:\/\/centrumslniecko.sk\/bezpecny-zensky-dom\/wp-json\/wp\/v2\/comments?post=26"}],"version-history":[{"count":4,"href":"https:\/\/centrumslniecko.sk\/bezpecny-zensky-dom\/wp-json\/wp\/v2\/pages\/26\/revisions"}],"predecessor-version":[{"id":327,"href":"https:\/\/centrumslniecko.sk\/bezpecny-zensky-dom\/wp-json\/wp\/v2\/pages\/26\/revisions\/327"}],"wp:attachment":[{"href":"https:\/\/centrumslniecko.sk\/bezpecny-zensky-dom\/wp-json\/wp\/v2\/media?parent=26"}],"curies":[{"name":"wp","href":"https:\/\/api.w.org\/{rel}","templated":true}]}}