{"id":2,"date":"2022-11-08T19:30:52","date_gmt":"2022-11-08T18:30:52","guid":{"rendered":"https:\/\/centrumslniecko.sk\/bezpecny-zensky-dom\/?page_id=2"},"modified":"2025-05-14T12:16:20","modified_gmt":"2025-05-14T10:16:20","slug":"ukazkova-stranka","status":"publish","type":"page","link":"https:\/\/centrumslniecko.sk\/bezpecny-zensky-dom\/ukazkova-stranka\/","title":{"rendered":"O projekte"},"content":{"rendered":"\n<p>Projekt:&nbsp;<strong>\u201cBezpe\u010dn\u00fd \u017eensk\u00fd dom \u2013 krok k \u017eivotu bez n\u00e1silia\u201d<\/strong><\/p>\n\n\n\n<p><strong>K\u00f3d v\u00fdzvy:<\/strong>&nbsp;DGV02<\/p>\n\n\n\n<p><strong>K\u00f3d projektu:<\/strong>&nbsp;DGV02017<\/p>\n\n\n\n<p><strong>Programov\u00e1 oblas\u0165:<\/strong>&nbsp;Dom\u00e1ce a&nbsp;rodovo podmienen\u00e9 n\u00e1silie<\/p>\n\n\n\n<p><strong>Projektov\u00e1 zmluva \u010d.&nbsp;<a href=\"https:\/\/www.crz.gov.sk\/zmluva\/6496392\/\" target=\"_blank\" rel=\"noreferrer noopener\">416\/2022<\/a>&nbsp;\/\/ <strong><a href=\"https:\/\/crz.gov.sk\/zmluva\/9001195\/\">Dodatok \u010d. 1\/2024 (\u010d 266\/2024)<\/a><\/strong> \/\/&nbsp;<a href=\"https:\/\/centrumslniecko.sk\/wp-content\/uploads\/2022\/05\/partnerska-dohoda-podpisana-na-web.pdf\" target=\"_blank\" rel=\"noreferrer noopener\">Partnersk\u00e1 dohoda<\/a><\/strong> <strong>\/\/ <a href=\"http:\/\/319\/2024 | Centr\u00e1lny register zml\u00fav (gov.sk)\">Dodatok k Partnerskej dohode<\/a><\/strong> <\/p>\n\n\n\n<p><strong>D\u013a\u017eka realiz\u00e1cie aktiv\u00edt projektu:<\/strong>&nbsp;m\u00e1j 2022 \u2013 apr\u00edl 2024<\/p>\n\n\n\n<p><strong>V\u00fd\u0161ka projektov\u00e9ho grantu:<\/strong>\u00a0599\u00a0258,00 \u20ac (re\u00e1lne \u010derpanie 580\u00a0851,89 \u20ac)<\/p>\n\n\n\n<p><strong>Spolufinancovanie:\u00a0<\/strong>12\u00a0230,00 \u20ac (re\u00e1lna v\u00fd\u0161ka spolufinancovania 11\u00a0854,10 \u20ac)<\/p>\n\n\n\n<p><strong>Partner projektu:<\/strong>&nbsp;Mesto Nitra, \u0160tef\u00e1nikova trieda 60, 949 01 Nitra,&nbsp;<a href=\"m&#97;&#105;&#x6c;&#x74;&#x6f;&#x3a;i&#110;&#102;&#111;&#x40;&#x6e;&#x69;tr&#97;&#46;&#x73;&#x6b;\">&#105;&#x6e;&#x66;o&#64;&#x6e;i&#116;&#x72;&#x61;&#46;&#x73;&#x6b;<\/a>, 037\/6502 111,&nbsp;<a href=\"https:\/\/www.nitra.sk\/\">https:\/\/www.nitra.sk\/<\/a><\/p>\n\n\n\n<p><strong>Z\u00e1mer projektu:&nbsp;<\/strong><\/p>\n\n\n\n<p>Hlavn\u00fdm z\u00e1merom projektu je posilnenie a&nbsp;skvalitnenie u\u017e poskytovan\u00fdch slu\u017eieb v&nbsp;Bezpe\u010dnom \u017eenskom dome a&nbsp;roz\u0161\u00edrenie jeho kapacity o&nbsp;15 miest v&nbsp;kontexte uplat\u0148ovania minim\u00e1lnych Eur\u00f3pskych \u0161tandardov pre poskytovanie podpory a&nbsp;ochrany \u017een\u00e1m za\u017e\u00edvaj\u00facim n\u00e1silie a&nbsp;ich de\u0165om. Realiz\u00e1cia projektu umo\u017en\u00ed nielen roz\u0161\u00edrenie kapac\u00edt pre bezpe\u010dn\u00e9 b\u00fdvanie \u017eien a&nbsp;det\u00ed v&nbsp;Nitrianskom samospr\u00e1vnom kraji, v&nbsp;meste Nitra, z&nbsp;p\u00f4vodn\u00fdch 17 miest na 32 miest, ale aj skvalitnenie u\u017e poskytovan\u00fdch slu\u017eieb. V&nbsp;r\u00e1mci realiz\u00e1cie projektu sa zameriame aj na zv\u00fd\u0161enie informovanosti prostredn\u00edctvom kampane na zv\u00fd\u0161enie povedomia v&nbsp;Nitrianskom samospr\u00e1vnom kraji, ktorej cie\u013eom je zvy\u0161ovanie povedomia \u0161irokej verejnosti o&nbsp;n\u00e1sil\u00ed na \u017een\u00e1ch, o&nbsp;mo\u017enostiach, form\u00e1ch a&nbsp;prostriedkoch rie\u0161enia n\u00e1silia p\u00e1chan\u00e9ho na \u017een\u00e1ch a&nbsp;de\u0165och. Kampa\u0148 bude \u0165a\u017eiskovo distribuovan\u00e1 prostredn\u00edctvom internetov\u00fdch platforiem, no predov\u0161etk\u00fdm v&nbsp;podobe kvalitn\u00e9ho podcastov\u00e9ho form\u00e1tu. S\u00fa\u010das\u0165ou kampane bud\u00fa aj vizu\u00e1lne v\u00fdstupy, ktor\u00e9 bud\u00fa nadv\u00e4zova\u0165 na podcastov\u00fd seri\u00e1l.<\/p>\n\n\n\n<p>Prostredn\u00edctvom vzdel\u00e1vacej kampane bude pon\u00faknut\u00fd priestor a&nbsp;mo\u017enos\u0165 na osvojenie si vedomost\u00ed, inform\u00e1ci\u00ed v&nbsp;t\u00e9me n\u00e1silia p\u00e1chan\u00e9ho na \u017een\u00e1ch a&nbsp;de\u0165och, ich bezpe\u010dnosti, neviktimizuj\u00facej intervencie, o&nbsp;form\u00e1ch pomoci, vhodn\u00fdch a&nbsp;nevhodn\u00fdch postupoch pri pr\u00e1ci s&nbsp;cie\u013eovou skupinou.<\/p>\n\n\n\n<p><strong>Cie\u013eov\u00e1 skupina:<\/strong><\/p>\n\n\n\n<ul class=\"wp-block-list\">\n<li>obete dom\u00e1ceho a rodovo podmienen\u00e9ho n\u00e1silia \u2013 \u017eeny a ich deti, ktor\u00e9 sa ocitli v kr\u00edzovej a \u010dasto nerie\u0161ite\u013enej \u017eivotnej situ\u00e1cii, z ktorej sa bez pomoci nevedia dosta\u0165, nevedia ako svoju situ\u00e1ciu rie\u0161i\u0165. Za cie\u013eov\u00fa skupinu pova\u017eujeme taktie\u017e znev\u00fdhodnen\u00fdch ob\u010danov v zmysle zdravotn\u00e9ho postihnutia, pr\u00edslu\u0161nosti k men\u0161in\u00e1m a in\u00fdch obmedzen\u00ed pri pr\u00edstupe na trh pr\u00e1ce, ktor\u00fdm znev\u00fdhodnenie s\u0165a\u017euje rie\u0161enie kr\u00edzovej \u017eivotnej situ\u00e1cie akou dom\u00e1ce n\u00e1silie je.<\/li>\n\n\n\n<li>\u0161irok\u00e1 verejnos\u0165, ktor\u00e1 bude informovan\u00e1 o&nbsp;problematike dom\u00e1ceho n\u00e1silia, rodovo podmienen\u00e9ho n\u00e1silia, form\u00e1ch pomoci, existencii a&nbsp;nutnosti fungovania bezpe\u010dn\u00e9ho \u017eensk\u00e9ho domu.<\/li>\n\n\n\n<li>Odborn\u00ed zamestnanci prij\u00edmate\u013ea, partnera, ale taktie\u017e zamestnanci organiz\u00e1ci\u00ed, in\u0161tit\u00faci\u00ed verejn\u00e9ho aj neverejn\u00e9ho sektora, ktor\u00ed bud\u00fa \u00fa\u010dastn\u00edkmi vzdel\u00e1vacej kampane<\/li>\n<\/ul>\n\n\n\n<p><strong>Aktivity projektu:<\/strong><\/p>\n\n\n\n<p>1\/ Priestorov\u00e9 roz\u0161\u00edrenie Bezpe\u010dn\u00e9ho \u017eensk\u00e9ho doma a&nbsp;jeho vybavenie<\/p>\n\n\n\n<p>2\/ Posilnenie a&nbsp;skvalitnenie slu\u017eieb existuj\u00faceho Bezpe\u010dn\u00e9ho \u017eensk\u00e9ho domu a&nbsp;prev\u00e1dzkovanie roz\u0161\u00edren\u00e9ho Bezpe\u010dn\u00e9ho \u017eensk\u00e9ho domu<\/p>\n\n\n\n<p>3\/ Prev\u00e1dzkovanie kr\u00edzov\u00e9ho bytu<\/p>\n\n\n\n<p>4\/ Kampa\u0148 na zvy\u0161ovanie povedomia<\/p>\n\n\n\n<p>5\/ Vzdel\u00e1vacia kampa\u0148<\/p>\n\n\n\n<p>6\/ Sie\u0165ovanie a&nbsp;multidisciplin\u00e1rna spolupr\u00e1ca<\/p>\n\n\n\n<p><strong>N\u00f3rske granty<\/strong>&nbsp;predstavuj\u00fa pr\u00edspevok N\u00f3rska k zelenej, konkurencieschopnej a inkluz\u00edvnej Eur\u00f3pe. N\u00f3rsko prostredn\u00edctvom N\u00f3rskych grantov prispieva k zni\u017eovaniu ekonomick\u00fdch a spolo\u010densk\u00fdch rozdielov a k posil\u0148ovaniu vz\u00e1jomn\u00fdch vz\u0165ahov s prij\u00edmate\u013esk\u00fdmi \u0161t\u00e1tmi v strednej a v\u00fdchodnej Eur\u00f3pe a v Pobalt\u00ed. N\u00f3rsko \u00fazko spolupracuje s E\u00da prostredn\u00edctvom Dohody o Eur\u00f3pskom hospod\u00e1rskom priestore (EHP). Spolo\u010dne s in\u00fdmi donormi poskytlo N\u00f3rsko postupne v rokoch 1994 a\u017e 2014 prostredn\u00edctvom grantov\u00fdch sch\u00e9m 3,3 miliardy eur. N\u00f3rske granty s\u00fa financovan\u00e9 v\u00fdlu\u010dne N\u00f3rskom a s\u00fa dostupn\u00e9 v krajin\u00e1ch, ktor\u00e9 sa pripojili k E\u00da po roku 2003. Na obdobie 2014 \u2013 2021 dosahuj\u00fa N\u00f3rske granty 1,25 miliardy eur. Prioritami tohto obdobia s\u00fa:<\/p>\n\n\n\n<p>1. Inov\u00e1cie, v\u00fdskum, vzdel\u00e1vanie a konkurencieschopnos\u0165<\/p>\n\n\n\n<p>2. Soci\u00e1lna inkl\u00fazia, zamestnanos\u0165 mlad\u00fdch a odstra\u0148ovanie chudoby<\/p>\n\n\n\n<p>3. \u017divotn\u00e9 prostredie, energia, zmena kl\u00edmy a n\u00edzko uhl\u00edkov\u00e9 hospod\u00e1rstvo<\/p>\n\n\n\n<p>4. Kult\u00fara, ob\u010dianska spolo\u010dnos\u0165, dobr\u00e9 spravovanie a z\u00e1kladn\u00e9 pr\u00e1va<\/p>\n\n\n\n<p>5. Spravodlivos\u0165 a vn\u00fatorn\u00e9 z\u00e1le\u017eitosti<\/p>\n\n\n\n<p>V\u0161etky projekty s\u00fa vo v\u00fd\u0161ke 15 % spolufinancovan\u00e9 zo \u0161t\u00e1tneho rozpo\u010dtu Slovenskej republiky.<\/p>\n\n\n\n<p>Ak sa chcete dozvedie\u0165 viac o programoch a projektoch financovan\u00fdch z N\u00f3rskych grantov na Slovensku, nav\u0161t\u00edvte str\u00e1nku&nbsp;<a href=\"http:\/\/www.norwaygrants.sk\/\">www.norwaygrants.sk,<\/a>&nbsp;alebo&nbsp;<a href=\"https:\/\/www.facebook.com\/profile.php?id=100069358563242\" target=\"_blank\" rel=\"noreferrer noopener\">FB profil.<\/a><\/p>\n\n\n\n<p class=\"has-text-align-center\"><strong>\u201eSpolo\u010dn\u00fdm \u00fasil\u00edm k zelenej, konkurencieschopnej a inkluz\u00edvnej Eur\u00f3pe\u201c<\/strong><br><strong>\u201ePodporen\u00e9 N\u00f3rskom prostredn\u00edctvom N\u00f3rskych grantov. <\/strong><br><strong>Spolufinancovan\u00e9 zo \u0161t\u00e1tneho rozpo\u010dtu&nbsp;Slovenskej republiky\u201c<\/strong><\/p>\n","protected":false},"excerpt":{"rendered":"<div class=\"entry-summary\">\nProjekt:&nbsp;\u201cBezpe\u010dn\u00fd \u017eensk\u00fd dom \u2013 krok k \u017eivotu bez n\u00e1silia\u201d K\u00f3d v\u00fdzvy:&nbsp;DGV02 K\u00f3d projektu:&nbsp;DGV02017 Programov\u00e1 oblas\u0165:&nbsp;Dom\u00e1ce a&nbsp;rodovo podmienen\u00e9 n\u00e1silie Projektov\u00e1 zmluva \u010d.&nbsp;416\/2022&nbsp;\/\/ Dodatok \u010d. 1\/2024 (\u010d 266\/2024) \/\/&nbsp;Partnersk\u00e1 dohoda \/\/ Dodatok k Partnerskej dohode D\u013a\u017eka realiz\u00e1cie aktiv\u00edt projektu:&nbsp;m\u00e1j 2022 \u2013 apr\u00edl&hellip;\n<\/div>\n<div class=\"link-more\"><a href=\"https:\/\/centrumslniecko.sk\/bezpecny-zensky-dom\/ukazkova-stranka\/\" class=\"more-link\">Pre\u010d\u00edta\u0165<span class=\"screen-reader-text\"> &ldquo;O projekte&rdquo;<\/span>&hellip;<\/a><\/div>\n","protected":false},"author":2,"featured_media":0,"parent":0,"menu_order":0,"comment_status":"closed","ping_status":"open","template":"","meta":{"ngg_post_thumbnail":0,"footnotes":""},"class_list":["post-2","page","type-page","status-publish","hentry","entry"],"_links":{"self":[{"href":"https:\/\/centrumslniecko.sk\/bezpecny-zensky-dom\/wp-json\/wp\/v2\/pages\/2","targetHints":{"allow":["GET"]}}],"collection":[{"href":"https:\/\/centrumslniecko.sk\/bezpecny-zensky-dom\/wp-json\/wp\/v2\/pages"}],"about":[{"href":"https:\/\/centrumslniecko.sk\/bezpecny-zensky-dom\/wp-json\/wp\/v2\/types\/page"}],"author":[{"embeddable":true,"href":"https:\/\/centrumslniecko.sk\/bezpecny-zensky-dom\/wp-json\/wp\/v2\/users\/2"}],"replies":[{"embeddable":true,"href":"https:\/\/centrumslniecko.sk\/bezpecny-zensky-dom\/wp-json\/wp\/v2\/comments?post=2"}],"version-history":[{"count":8,"href":"https:\/\/centrumslniecko.sk\/bezpecny-zensky-dom\/wp-json\/wp\/v2\/pages\/2\/revisions"}],"predecessor-version":[{"id":667,"href":"https:\/\/centrumslniecko.sk\/bezpecny-zensky-dom\/wp-json\/wp\/v2\/pages\/2\/revisions\/667"}],"wp:attachment":[{"href":"https:\/\/centrumslniecko.sk\/bezpecny-zensky-dom\/wp-json\/wp\/v2\/media?parent=2"}],"curies":[{"name":"wp","href":"https:\/\/api.w.org\/{rel}","templated":true}]}}

<p>Projekt:&nbsp;<strong>“Bezpečný ženský dom – krok k životu bez násilia”</strong></p>



<p><strong>Kód výzvy:</strong>&nbsp;DGV02</p>



<p><strong>Kód projektu:</strong>&nbsp;DGV02017</p>



<p><strong>Programová oblasť:</strong>&nbsp;Domáce a&nbsp;rodovo podmienené násilie</p>



<p><strong>Projektová zmluva č.&nbsp;<a href="https://www.crz.gov.sk/zmluva/6496392/" target="_blank" rel="noreferrer noopener">416/2022</a>&nbsp;// <strong><a href="https://crz.gov.sk/zmluva/9001195/">Dodatok č. 1/2024 (č 266/2024)</a></strong> //&nbsp;<a href="https://centrumslniecko.sk/wp-content/uploads/2022/05/partnerska-dohoda-podpisana-na-web.pdf" target="_blank" rel="noreferrer noopener">Partnerská dohoda</a></strong> <strong>// <a href="http://319/2024 | Centrálny register zmlúv (gov.sk)">Dodatok k Partnerskej dohode</a></strong> </p>



<p><strong>Dĺžka realizácie aktivít projektu:</strong>&nbsp;máj 2022 – apríl 2024</p>



<p><strong>Výška projektového grantu:</strong> 599 258,00 € (reálne čerpanie 580 851,89 €)</p>



<p><strong>Spolufinancovanie: </strong>12 230,00 € (reálna výška spolufinancovania 11 854,10 €)</p>



<p><strong>Partner projektu:</strong>&nbsp;Mesto Nitra, Štefánikova trieda 60, 949 01 Nitra,&nbsp;<a href="m&#97;&#105;&#x6c;&#x74;&#x6f;&#x3a;i&#110;&#102;&#111;&#x40;&#x6e;&#x69;tr&#97;&#46;&#x73;&#x6b;">&#105;&#x6e;&#x66;o&#64;&#x6e;i&#116;&#x72;&#x61;&#46;&#x73;&#x6b;</a>, 037/6502 111,&nbsp;<a href="https://www.nitra.sk/">https://www.nitra.sk/</a></p>



<p><strong>Zámer projektu:&nbsp;</strong></p>



<p>Hlavným zámerom projektu je posilnenie a&nbsp;skvalitnenie už poskytovaných služieb v&nbsp;Bezpečnom ženskom dome a&nbsp;rozšírenie jeho kapacity o&nbsp;15 miest v&nbsp;kontexte uplatňovania minimálnych Európskych štandardov pre poskytovanie podpory a&nbsp;ochrany ženám zažívajúcim násilie a&nbsp;ich deťom. Realizácia projektu umožní nielen rozšírenie kapacít pre bezpečné bývanie žien a&nbsp;detí v&nbsp;Nitrianskom samosprávnom kraji, v&nbsp;meste Nitra, z&nbsp;pôvodných 17 miest na 32 miest, ale aj skvalitnenie už poskytovaných služieb. V&nbsp;rámci realizácie projektu sa zameriame aj na zvýšenie informovanosti prostredníctvom kampane na zvýšenie povedomia v&nbsp;Nitrianskom samosprávnom kraji, ktorej cieľom je zvyšovanie povedomia širokej verejnosti o&nbsp;násilí na ženách, o&nbsp;možnostiach, formách a&nbsp;prostriedkoch riešenia násilia páchaného na ženách a&nbsp;deťoch. Kampaň bude ťažiskovo distribuovaná prostredníctvom internetových platforiem, no predovšetkým v&nbsp;podobe kvalitného podcastového formátu. Súčasťou kampane budú aj vizuálne výstupy, ktoré budú nadväzovať na podcastový seriál.</p>



<p>Prostredníctvom vzdelávacej kampane bude ponúknutý priestor a&nbsp;možnosť na osvojenie si vedomostí, informácií v&nbsp;téme násilia páchaného na ženách a&nbsp;deťoch, ich bezpečnosti, neviktimizujúcej intervencie, o&nbsp;formách pomoci, vhodných a&nbsp;nevhodných postupoch pri práci s&nbsp;cieľovou skupinou.</p>



<p><strong>Cieľová skupina:</strong></p>



<ul class="wp-block-list">
<li>obete domáceho a rodovo podmieneného násilia – ženy a ich deti, ktoré sa ocitli v krízovej a často neriešiteľnej životnej situácii, z ktorej sa bez pomoci nevedia dostať, nevedia ako svoju situáciu riešiť. Za cieľovú skupinu považujeme taktiež znevýhodnených občanov v zmysle zdravotného postihnutia, príslušnosti k menšinám a iných obmedzení pri prístupe na trh práce, ktorým znevýhodnenie sťažuje riešenie krízovej životnej situácie akou domáce násilie je.</li>



<li>široká verejnosť, ktorá bude informovaná o&nbsp;problematike domáceho násilia, rodovo podmieneného násilia, formách pomoci, existencii a&nbsp;nutnosti fungovania bezpečného ženského domu.</li>



<li>Odborní zamestnanci prijímateľa, partnera, ale taktiež zamestnanci organizácií, inštitúcií verejného aj neverejného sektora, ktorí budú účastníkmi vzdelávacej kampane</li>
</ul>



<p><strong>Aktivity projektu:</strong></p>



<p>1/ Priestorové rozšírenie Bezpečného ženského doma a&nbsp;jeho vybavenie</p>



<p>2/ Posilnenie a&nbsp;skvalitnenie služieb existujúceho Bezpečného ženského domu a&nbsp;prevádzkovanie rozšíreného Bezpečného ženského domu</p>



<p>3/ Prevádzkovanie krízového bytu</p>



<p>4/ Kampaň na zvyšovanie povedomia</p>



<p>5/ Vzdelávacia kampaň</p>



<p>6/ Sieťovanie a&nbsp;multidisciplinárna spolupráca</p>



<p><strong>Nórske granty</strong>&nbsp;predstavujú príspevok Nórska k zelenej, konkurencieschopnej a inkluzívnej Európe. Nórsko prostredníctvom Nórskych grantov prispieva k znižovaniu ekonomických a spoločenských rozdielov a k posilňovaniu vzájomných vzťahov s prijímateľskými štátmi v strednej a východnej Európe a v Pobaltí. Nórsko úzko spolupracuje s EÚ prostredníctvom Dohody o Európskom hospodárskom priestore (EHP). Spoločne s inými donormi poskytlo Nórsko postupne v rokoch 1994 až 2014 prostredníctvom grantových schém 3,3 miliardy eur. Nórske granty sú financované výlučne Nórskom a sú dostupné v krajinách, ktoré sa pripojili k EÚ po roku 2003. Na obdobie 2014 – 2021 dosahujú Nórske granty 1,25 miliardy eur. Prioritami tohto obdobia sú:</p>



<p>1. Inovácie, výskum, vzdelávanie a konkurencieschopnosť</p>



<p>2. Sociálna inklúzia, zamestnanosť mladých a odstraňovanie chudoby</p>



<p>3. Životné prostredie, energia, zmena klímy a nízko uhlíkové hospodárstvo</p>



<p>4. Kultúra, občianska spoločnosť, dobré spravovanie a základné práva</p>



<p>5. Spravodlivosť a vnútorné záležitosti</p>



<p>Všetky projekty sú vo výške 15 % spolufinancované zo štátneho rozpočtu Slovenskej republiky.</p>



<p>Ak sa chcete dozvedieť viac o programoch a projektoch financovaných z Nórskych grantov na Slovensku, navštívte stránku&nbsp;<a href="http://www.norwaygrants.sk/">www.norwaygrants.sk,</a>&nbsp;alebo&nbsp;<a href="https://www.facebook.com/profile.php?id=100069358563242" target="_blank" rel="noreferrer noopener">FB profil.</a></p>



<p class="has-text-align-center"><strong>„Spoločným úsilím k zelenej, konkurencieschopnej a inkluzívnej Európe“</strong><br><strong>„Podporené Nórskom prostredníctvom Nórskych grantov. </strong><br><strong>Spolufinancované zo štátneho rozpočtu&nbsp;Slovenskej republiky“</strong></p>

<div class="entry-summary">
Projekt:&nbsp;“Bezpečný ženský dom – krok k životu bez násilia” Kód výzvy:&nbsp;DGV02 Kód projektu:&nbsp;DGV02017 Programová oblasť:&nbsp;Domáce a&nbsp;rodovo podmienené násilie Projektová zmluva č.&nbsp;416/2022&nbsp;// Dodatok č. 1/2024 (č 266/2024) //&nbsp;Partnerská dohoda // Dodatok k Partnerskej dohode Dĺžka realizácie aktivít projektu:&nbsp;máj 2022 – apríl&hellip;
</div>
<div class="link-more"><a href="https://centrumslniecko.sk/bezpecny-zensky-dom/ukazkova-stranka/" class="more-link">Prečítať<span class="screen-reader-text"> &ldquo;O projekte&rdquo;</span>&hellip;</a></div>
